 71
Suppose 4*m = 2*n + 5*m - 23, 43 = 4*n + 3*m. Suppose n*g - 9986 = -3746. What are the prime factors of g?
2, 3, 5
Let z be 46/(-207) - (141/(-27) + 0). Let d(q) = 44*q**2 + 2*q - 5. What are the prime factors of d(z)?
5, 13, 17
Suppose 0 = -4*o - 20, -z - o - 14 = -4. Let j(f) = 3*f**2 + 6*f + 34. List the prime factors of j(z).
79
Let p be 37*(-4)/(-12)*3. Suppose 0 = p*t - 38*t + 642. List the prime factors of t/8 + 4/(-16).
2, 5
Let g(h) = h**3 + 3*h**2 - 2*h - 2. Let l be g(-3). Let b(w) = 12*w**2 - 2*w**3 + w**2 - l*w - 8 + w**3. What are the prime factors of b(12)?
2, 11
Let i(u) = u**3 + 22*u**2 + 40*u + 1. Let q be i(-20). Let v be ((-2)/(-3))/((-1)/3). List the prime factors of 63 - (v - q)/(-3).
2, 31
Suppose -4*p - f + 17 = -p, -2*p + 13 = f. Suppose p*a + m - 128 = 0, a + 3*m = -0 + 21. Suppose t + a = -z + 287, z - t - 256 = 0. List the prime factors of z.
3, 5, 17
Let r(l) = -2*l**3 - 3*l**2 + 4. Let w be r(2). Let n be (249/(-12))/(2/w). Suppose 0*d = 4*d, 2*d = -3*v + n. What are the prime factors of v?
83
Let s(v) = 88*v**2 + 3*v - 3. Let u(b) = -88*b**2 - 3*b + 4. Let k(o) = 6*s(o) + 5*u(o). Let w be k(-1). Let p = 115 + w. List the prime factors of p.
2, 101
Let u be 6 + 4 + 112 + -3. Suppose u + 49 = 2*r. What are the prime factors of r?
2, 3, 7
List the prime factors of (504/16 - -4 - -8)/(6/1576).
2, 29, 197
Suppose 11*k + 0*k + 1100 = 0. What are the prime factors of k/80 + (-298)/(-8)?
2, 3
Suppose 115453 = 5*g + 2*v, -2*g - 16769 + 62954 = -3*v. What are the prime factors of g?
3, 43, 179
Let j = -2206 - -1401. What are the prime factors of 3 - j/(42/6)?
2, 59
Let m(u) = -u**3 - 2*u**2 - 7. Let p be m(-3). Suppose -h - x + 584 = p*h, 0 = -h + x + 188. What are the prime factors of h?
193
Let g = 333 + 69. List the prime factors of g - ((-8)/(-12))/((-4)/(-30)).
397
Let p(s) = 4688*s + 113. What are the prime factors of p(1)?
4801
Suppose -k = -5*p + 4, 8 = -0*p + 4*p - 2*k. Suppose p = -4*g - 3*a + 102, -4*a + 0*a = -8. List the prime factors of g.
2, 3
Let b(j) = -4853*j**3 + 2*j**2 + 7*j + 4. List the prime factors of b(-1).
2, 1213
Suppose 0 = -5*k + 30, 5*v - 4*k - 78938 = -7*k. List the prime factors of v.
2, 1973
Let t(k) = 14*k**3 - 10*k**2 - 38*k + 144. What are the prime factors of t(9)?
2, 3, 7, 73
Suppose 243*c - 4669 = 242*c. What are the prime factors of c?
7, 23, 29
Let z(y) = 2*y**2 + 15*y + 22. Let d be z(-6). Let o(c) = -6 - 24 + 6 + 10*c + 21*c. What are the prime factors of o(d)?
2, 5
Let t(j) = -1604*j**3 + 11*j**2 + 6*j + 20. Let h(m) = 802*m**3 - 6*m**2 - 3*m - 11. Let l(v) = -11*h(v) - 6*t(v). List the prime factors of l(1).
2, 5
Suppose 5*m = 164 + 111. Let l = m + -38. Suppose 12*k = l*k - 655. What are the prime factors of k?
131
Let c = 1593 - -3827. List the prime factors of c.
2, 5, 271
Let q(j) = -j**3 - 35*j**2 + 214*j + 230. What are the prime factors of q(-43)?
2, 3, 5, 97
Let f be -3*(-3)/(-3)*1. Let o(p) = -91*p - 2. Let s be o(f). Let a = s + -164. List the prime factors of a.
107
Let s be (5/(-3))/((-13)/(-195)). Let o be 15/s - 6/(-20)*12. Suppose 0 = -3*v - o*v + 492. What are the prime factors of v?
2, 41
Suppose 5*r - 21 = -4*c, 3*c - c - 3 = 5*r. Suppose -3*f = -c*f + 509. List the prime factors of f.
509
Let o = 9731 + -6905. Suppose 0 = 217*p - 211*p - o. List the prime factors of p.
3, 157
Let i(g) = -1831*g - 348. List the prime factors of i(-12).
2, 3, 17, 53
Suppose 363*h - 371*h + 40 = 0. Suppose a - 4*f - 81 - 124 = 0, 0 = h*a - f - 1063. What are the prime factors of a?
3, 71
List the prime factors of (-1088570)/(-21) + (40/3 - 13).
3, 37, 467
Suppose -35103 = -3*t - u, -20*t + 23*t - 35103 = 4*u. List the prime factors of t.
11701
Let c(x) = 3*x + 38. Let k be c(9). Suppose l - 68 = -k. Suppose 4*q + 570 = 5*n + l*q, -n - 2*q = -103. List the prime factors of n.
113
Let d = -142 - -12. Let j = d + 230. What are the prime factors of j?
2, 5
Let k(m) = -3906*m + 32. What are the prime factors of k(-2)?
2, 37, 53
List the prime factors of 16/32*((-4111)/2)/((-13)/104).
2, 4111
Suppose -5*k + 2*u + 116782 = 0, -93425 = -40*k + 36*k + u. List the prime factors of k.
2, 5839
Let p = -222 - -228. What are the prime factors of 61349/186 + 1/p?
2, 3, 5, 11
Let r(n) = -29*n**2 + 6*n + 15262. List the prime factors of r(0).
2, 13, 587
Let t = 428 + -425. Suppose -302 = t*n - 2732. List the prime factors of n.
2, 3, 5
Let a(o) = -50*o**3 - 4*o**2 - o + 19. Let s be a(-7). Suppose 4332 = 12*b - s. What are the prime factors of b?
2, 3, 37
Suppose 4 = b, 0 = p + b - 37. Suppose 5*m + t - 2*t + 473 = 0, 0 = -m + 3*t - 103. Let x = p - m. What are the prime factors of x?
127
Suppose -13*y - 24*y = -5*y. Let b be 57/9 + 4/6. Suppose y = b*n + 60 - 711. List the prime factors of n.
3, 31
Let q(w) = 27*w + 3. Let d(f) = -f. Let i(s) = 72*d(s) + 3*q(s). Let m be i(13). Let o = 240 - m. List the prime factors of o.
2, 3, 19
Let a = -300 + 579. Let y = -76 + a. Suppose t + o = 4*t - y, 4*t - 296 = -5*o. List the prime factors of t.
3, 23
List the prime factors of -878*((-21)/2 + 8).
5, 439
Suppose 5*a - 46331 = -4*y, -209*y + 207*y - a + 23167 = 0. List the prime factors of y.
2, 181
Suppose 6*y = y + 25. Suppose y*c + 3*c = 0. Suppose 2*i = -9 + 3, c = q + 5*i + 7. List the prime factors of q.
2
Let y be 9/(-9) - (-1 - 6). Let m = y - 9. What are the prime factors of 0 - m*11 - (2 + -5)?
2, 3
Let s = -10864 + 19145. What are the prime factors of s?
7, 13
Let v(i) = 155*i + 4009. What are the prime factors of v(0)?
19, 211
Let n be 3/12 - 35/(-20). Suppose 4 + 6 = n*u. Suppose -2*z = -0*z - 5*q - 137, u*z - 410 = -q. List the prime factors of z.
3
Suppose 4*o + 5*q - 16 = 0, -3*o - q + 0 = -1. List the prime factors of (-2923)/(-237)*(o + 35 - 1).
11, 37
Suppose 5*r - 21 = h, 3*h + 8 = -3*r + 7*r. Suppose q - 4*q - 1110 = -3*k, 2*k - 746 = -h*q. What are the prime factors of k?
7, 53
Let y be (-11 + 7)*(3 + -4). List the prime factors of y/(-14) - (-3 + (-2538)/14).
2, 23
Suppose 0 = -19*q - 3566 - 11748. Let k = q - -1017. What are the prime factors of k?
211
Suppose 3*y - 28 = 23. Let n be y/68 - (-318)/8. What are the prime factors of (20/n)/(1/60)?
2, 3, 5
Suppose 75*j - 291*j + 727488 = 0. What are the prime factors of j?
2, 421
Suppose 2*h + 8546 = -5*r + 4*h, h + 1712 = -r. Let m = r + 2423. What are the prime factors of m?
23, 31
Let m be (-3472)/(-64) + ((-9)/(-12))/(-3). Suppose -164 = -5*p - m. What are the prime factors of p?
2, 11
Let s(n) be the third derivative of n**6/120 + 2*n**5/15 - 25*n**4/24 - 3*n**3/2 + 7*n**2. Let c be s(-11). Let v = 192 + c. What are the prime factors of v?
5, 19
Suppose f + 3 - 26 = 0. Let v = 578 - f. What are the prime factors of v?
3, 5, 37
Suppose -4*d + n = 4, n - 4 = -3*d - 0*n. Suppose 7*c - 25 = 2*c - 4*r, d = 5*c - 3*r - 60. What are the prime factors of c?
3
Let p = 244 + -323. Let z = p - -381. List the prime factors of z.
2, 151
Suppose 0 = 3*v + 5*r - 29 - 6, 4*v + 3*r = 32. Let j(y) = -15*y - 22. Let x(w) = 29*w + 41. Let d(m) = 7*j(m) + 4*x(m). What are the prime factors of d(v)?
5, 13
Suppose 2*x - 5*g = -17, 4*x + 15 = 2*g + 5. Let i be (x/(-3))/(1/87 - 0). Let c = i + 59. List the prime factors of c.
2, 11
Let o(q) = -q**2 - q - 1. Suppose 0 = 9*w + 2 - 47. Let r(l) = -l**3 + 23*l + 10. Let h(c) = w*o(c) + r(c). List the prime factors of h(-8).
53
Let o(t) = 2565*t - 9693. What are the prime factors of o(25)?
2, 3, 7
Let c(s) = -s**2 + 17*s + 2. Let v(n) = -n**3 - 18*n**2 - 16*n + 25. Let r be (68/(-10))/((-14)/(-35)). Let u be v(r). What are the prime factors of c(u)?
2, 37
Let f(h) = 70*h + 3. Let s(q) = q + 1. Let j(m) = f(m) + 2*s(m). Let i be j(-1). Let y = -65 - i. What are the prime factors of y?
2
Let y(g) = g**3 - g**2 - 2*g - 1. Let k be y(2). Let i be (-4)/(-15)*12 - k/(-5). List the prime factors of (-1300)/(-10) + (i - 2).
131
Suppose -4*r + 22757 + 2567 = 0. What are the prime factors of r?
13, 487
Suppose -2426 = -5*a + 3*h, 2*a + 4*h - 467 - 493 = 0. Let r = a + 147. List the prime factors of r.
631
Let a be 1092/77 + (-4)/22. Let o be ((-4)/2)/(a/(-63)). Let b = 23 - o. List the prime factors of b.
2, 7
Suppose -2*f - u = -31226, f + 3*u - 14818 = 805. What are the prime factors of f?
67, 233
Let b = 41